{"id":1000,"date":"2025-02-22T14:29:22","date_gmt":"2025-02-22T18:29:22","guid":{"rendered":"https:\/\/aquaplants.cl\/web\/?post_type=product&#038;p=1000"},"modified":"2026-04-29T14:39:55","modified_gmt":"2026-04-29T18:39:55","slug":"hierbabuena-2","status":"publish","type":"product","link":"https:\/\/aquaplants.cl\/web\/product\/hierbabuena-2\/","title":{"rendered":"Hierbabuena"},"content":{"rendered":"<p><span class=\"ILfuVd\"><span class=\"hgKElc\">Planta medicinal y arom\u00e1tica utilizada mayormente en infusiones, destaca por sus propiedades que ayudan a tratar problemas digestivos, como mala digesti\u00f3n, flatulencia, n\u00e1useas o v\u00f3mitos, adem\u00e1s de poseer efectos calmantes y expectorantes.<\/span><\/span><\/p>\n<p>Ademas muy apreciada en el mundo de cocteleria, la podemos utilizar en tragos tales como, mojitos, Vodka, entre otros.<\/p>\n","protected":false},"excerpt":{"rendered":"<p>Hierbas Arom\u00e1ticas.<\/p>\n","protected":false},"featured_media":1001,"comment_status":"open","ping_status":"closed","template":"","meta":{"_acf_changed":false,"_et_pb_use_builder":"","_et_pb_old_content":"","_et_gb_content_width":"","_joinchat":[]},"product_brand":[],"product_cat":[26],"product_tag":[],"class_list":{"0":"post-1000","1":"product","2":"type-product","3":"status-publish","4":"has-post-thumbnail","6":"product_cat-almacigosh","8":"first","9":"instock","10":"shipping-taxable","11":"purchasable","12":"product-type-simple"},"acf":[],"_links":{"self":[{"href":"https:\/\/aquaplants.cl\/web\/wp-json\/wp\/v2\/product\/1000","targetHints":{"allow":["GET"]}}],"collection":[{"href":"https:\/\/aquaplants.cl\/web\/wp-json\/wp\/v2\/product"}],"about":[{"href":"https:\/\/aquaplants.cl\/web\/wp-json\/wp\/v2\/types\/product"}],"replies":[{"embeddable":true,"href":"https:\/\/aquaplants.cl\/web\/wp-json\/wp\/v2\/comments?post=1000"}],"wp:featuredmedia":[{"embeddable":true,"href":"https:\/\/aquaplants.cl\/web\/wp-json\/wp\/v2\/media\/1001"}],"wp:attachment":[{"href":"https:\/\/aquaplants.cl\/web\/wp-json\/wp\/v2\/media?parent=1000"}],"wp:term":[{"taxonomy":"product_brand","embeddable":true,"href":"https:\/\/aquaplants.cl\/web\/wp-json\/wp\/v2\/product_brand?post=1000"},{"taxonomy":"product_cat","embeddable":true,"href":"https:\/\/aquaplants.cl\/web\/wp-json\/wp\/v2\/product_cat?post=1000"},{"taxonomy":"product_tag","embeddable":true,"href":"https:\/\/aquaplants.cl\/web\/wp-json\/wp\/v2\/product_tag?post=1000"}],"curies":[{"name":"wp","href":"https:\/\/api.w.org\/{rel}","templated":true}]}}