{"id":831,"date":"2021-09-20T18:53:04","date_gmt":"2021-09-20T22:53:04","guid":{"rendered":"https:\/\/aquaplants.cl\/web\/?post_type=product&#038;p=831"},"modified":"2025-09-22T20:14:18","modified_gmt":"2025-09-23T00:14:18","slug":"mix-de-12-almacigos-2","status":"publish","type":"product","link":"https:\/\/aquaplants.cl\/web\/product\/mix-de-12-almacigos-2\/","title":{"rendered":"MIX de 12 Alm\u00e1cigos HIDROPON\u00cdA"},"content":{"rendered":"<p>12 Alm\u00e1cigos a elecci\u00f3n<\/p>\n","protected":false},"excerpt":{"rendered":"<p>Set de 12 plantines a elecci\u00f3n, sobre orden de venta. Los detalles de env\u00edo y tipos de alm\u00e1cigos se coordinar\u00e1n previa entrega.<\/p>\n<p>Para env\u00edo a regiones, por favor contactarse antes de realizar de la compra.<\/p>\n<p>&nbsp;<\/p>\n","protected":false},"featured_media":7086,"comment_status":"closed","ping_status":"closed","template":"","meta":{"_acf_changed":false,"_et_pb_use_builder":"","_et_pb_old_content":"","_et_gb_content_width":"","_joinchat":[]},"product_brand":[],"product_cat":[26],"product_tag":[],"class_list":{"0":"post-831","1":"product","2":"type-product","3":"status-publish","4":"has-post-thumbnail","6":"product_cat-almacigosh","7":"product_shipping_class-envio_chico","9":"first","10":"instock","11":"shipping-taxable","12":"purchasable","13":"product-type-composite"},"acf":[],"_links":{"self":[{"href":"https:\/\/aquaplants.cl\/web\/wp-json\/wp\/v2\/product\/831","targetHints":{"allow":["GET"]}}],"collection":[{"href":"https:\/\/aquaplants.cl\/web\/wp-json\/wp\/v2\/product"}],"about":[{"href":"https:\/\/aquaplants.cl\/web\/wp-json\/wp\/v2\/types\/product"}],"replies":[{"embeddable":true,"href":"https:\/\/aquaplants.cl\/web\/wp-json\/wp\/v2\/comments?post=831"}],"wp:featuredmedia":[{"embeddable":true,"href":"https:\/\/aquaplants.cl\/web\/wp-json\/wp\/v2\/media\/7086"}],"wp:attachment":[{"href":"https:\/\/aquaplants.cl\/web\/wp-json\/wp\/v2\/media?parent=831"}],"wp:term":[{"taxonomy":"product_brand","embeddable":true,"href":"https:\/\/aquaplants.cl\/web\/wp-json\/wp\/v2\/product_brand?post=831"},{"taxonomy":"product_cat","embeddable":true,"href":"https:\/\/aquaplants.cl\/web\/wp-json\/wp\/v2\/product_cat?post=831"},{"taxonomy":"product_tag","embeddable":true,"href":"https:\/\/aquaplants.cl\/web\/wp-json\/wp\/v2\/product_tag?post=831"}],"curies":[{"name":"wp","href":"https:\/\/api.w.org\/{rel}","templated":true}]}}